= 5*h - 0*h, -i*h - 2*z + 358 = 0. Is h composite?
False
Let m = 65 - -65. Suppose 4*j - m = -j. Is j prime?
False
Suppose 31 + 59 = 3*c - 4*p, -29 = -c + p. Suppose 2*j + 0*j = -c. Let u = 456 - j. Is u a prime number?
False
Suppose 0 = r - 3*v - v + 9, 0 = -2*r - 2*v + 32. Let c(u) = u**2 - 5*u + 1. Is c(r) composite?
False
Let l(v) be the first derivative of v**4/4 + 8*v**3/3 - 9*v**2/2 - 15*v - 4. Is l(-7) composite?
False
Let z = -15 + 18. Suppose -2*p = -3*g + 49, -3*p + z = g - p. Is g composite?
False
Let l = -85 - -414. Is l a composite number?
True
Is 2/9 + 3878/126 prime?
True
Is (-78)/(-13) + 0 + 3 a composite number?
True
Suppose 0 = -4*w + 3*w + 126. Let u = w - 33. Is u composite?
True
Suppose 2*g - 442 = -0*g. Is g composite?
True
Let l(z) = -2*z - 7. Let d be l(-5). Suppose -3*s + 6 = d. Suppose -5*x + 106 = s. Is x a composite number?
True
Suppose 0 = 5*s + 15, 2*o + 0*o - 7 = -s. Let n(d) = 7 - 2 - d + 3*d. Is n(o) prime?
False
Suppose 20*p + 20357 = 172497. Is p prime?
True
Let x(s) = 2*s + 10. Let q be x(-10). Is (-4)/(-10) + (-376)/q composite?
True
Let t(x) = 20*x - 1. Let k be t(10). Let o = -84 + k. Suppose -4*l + 5*n + 208 = -o, -l = -3*n - 86. Is l a prime number?
False
Let t = -5 + 7. Suppose -3*q + 2*o = -40, -2*o - t*o + 74 = 5*q. Is q prime?
False
Let b = 6673 + -3840. Is b a composite number?
False
Is 194/(-10)*(0 + -5) composite?
False
Suppose -5*y = 5*j - 5, 2*j = -y - 3*j - 3. Suppose -3*s = -y*s - 135. Let z = 338 - s. Is z composite?
True
Let t(n) = -n**3 - 3*n**2 + 2*n. Let g be t(-4). Let j = g - 4. Suppose 95 = b + 4*r, r - 177 = -j*b + 143. Is b a composite number?
False
Let w(j) = 16*j**2 + 1 - 9 + 5 - 2*j. Let o(t) = -t**3 - 4*t**2 - 3*t. Let v be o(-2). Is w(v) prime?
False
Let i(k) be the third derivative of k**5/12 - k**4/8 - k**3/2 + 2*k**2. Let y(b) = -b**2 + 3*b - 2. Let l be y(3). Is i(l) a prime number?
True
Suppose 428 = t - s, 3*s - 1302 = -6*t + 3*t. Is t composite?
False
Let c(k) = -k + 21. Let o be c(19). Suppose 5*w - 3*u = 2050, -w + 3*u + 388 = -o*u. Is w composite?
True
Let o(c) = 3*c**3 + c**2 - c - 1. Let t be o(-1). Is 4 - (-3 - t) - 2 prime?
True
Let d(r) = -3*r**3 + r + 1. Let y be d(-1). Suppose -2*f = 4*v + v - 16, -y*v + 6 = 3*f. Is ((-15)/f)/((-2)/(-4)) composite?
True
Suppose 0 = m + 4*m - 3*q - 404, q = -3. Let t(u) = 2*u**2 + 8*u + 2. Let r be t(-6). Let o = m - r. Is o composite?
False
Suppose -370 = -4*t + 2*t. Is t a composite number?
True
Let y be ((0/4)/(-3))/2. Suppose -5*f + 184 - 59 = y. Is f prime?
False
Suppose -4 = 4*k - 8, 5*u - 3583 = 2*k. Is u composite?
True
Suppose -2*q - 4 = l, 7 = -4*q - 3*l - 5. Let n(a) = -a + 491. Is n(q) a prime number?
True
Let b be 2/(840/(-423) + 2). Suppose -w = f - b, 0 = -4*w - 8. Is f prime?
False
Let u(r) = r**2 - r - 2. Let m be u(-3). Let h = -21 - -30. Suppose -n = -h - m. Is n a composite number?
False
Let s be ((-105)/2 + 2)*2. Let l = s - -254. Suppose 4*b - l - 43 = 0. Is b a composite number?
True
Suppose -10*m + 913 = -5817. Is m a prime number?
True
Suppose 5*n = -t + 7 + 3, 4*n - 27 = 3*t. Suppose -4*z + 0*j + n*j + 12 = 0, -4*j = -5*z + 14. Is z composite?
True
Let z be ((-1)/2)/(7/(-28)). Suppose 1 + 5 = z*n. Suppose n*b - 560 = d, 780 = 4*b + 2*d + 30. Is b composite?
True
Suppose -2*r + 1138 = 4*h, -2*h + 1160 = 3*r - 539. Is r prime?
False
Suppose -2*r + 30 = 3*r. Suppose 0 = -0*o + 3*o - r, -539 = -3*i - o. Is i prime?
True
Let i(r) = -r**2 + 4*r - 5. Let f be i(4). Is 0/(-1) - 2*f a composite number?
True
Let w = -6 - -3. Let d be (-17)/w - 2/3. Is 30/(-50) + 78/d a composite number?
True
Let y(t) = t - 1. Let q(d) = 15*d - 6. Let s(w) = q(w) - 5*y(w). Is s(2) prime?
True
Let g(y) = -y**3 - y**2 - 4*y + 2333. Is g(0) a composite number?
False
Suppose 14 = 5*s - 6, -2*g - 5*s = -126. Suppose -2*m + 112 = -7*l + 2*l, 0 = 4*l - m + 89. Let v = g + l. Is v a prime number?
True
Let b(z) be the first derivative of 5*z + 2 + 1/3*z**3 + 5/2*z**2. Is b(-6) a prime number?
True
Suppose 6*r - 3*r - 9 = 0. Let f(u) = u**3 - 4*u**2 + 5*u + 2. Let o be f(6). Suppose -x = r*x - o. Is x prime?
False
Let m(n) = 72*n - 5. Let k(c) = -72*c + 5. Let w(v) = 7*k(v) + 6*m(v). Let h be w(-5). Suppose h = 4*p + l + 21, l = -4. Is p a prime number?
False
Let a(z) = z**3 + 16*z**2 - 2*z + 4. Is a(-11) prime?
True
Let g = -9 + 104. Suppose 0 = -4*q - 13 - g. Let u = q + 114. Is u a prime number?
False
Suppose -47 = -4*i + 5*z + 1330, -2*i + 671 = z. Suppose 4*r + 4*s - i = 2*r, -3*s + 9 = 0. Is r a composite number?
False
Suppose -5*n = 0, -n + 4310 = 4*i + 1162. Is i a prime number?
True
Let o = -4 + 14. Let a be 6/o - (-1224)/10. Suppose -4*p + 1 = -a. Is p prime?
True
Let j(t) = 3*t**2 - 13*t - 8. Is j(9) composite?
True
Suppose -6*d + 2049 = -483. Is d a prime number?
False
Suppose -6*r + 5416 = -7478. Is r a prime number?
False
Let s(n) = -n**2 + 194. Is s(0) prime?
False
Is (-5)/2 - 127215/(-90) prime?
False
Let i(s) = 10*s**2 - s - 1. Let z(o) = 21*o**2 - 2*o - 1. Let c(k) = 13*i(k) - 6*z(k). Is c(-6) a composite number?
True
Suppose 2*i - 3*w + 4*w = 46, 108 = 4*i - 2*w. Let d = i - 16. Is d prime?
False
Let q = -1104 + 2317. Is q prime?
True
Let o(l) = l**3 - 2*l**2 - 6*l - 4. Let n be o(6). Suppose 7 = -d + n. Is d a prime number?
True
Let h(c) = 8*c**3 + 6*c**2 + c - 154. Let u(r) = -7*r**3 - 5*r**2 - r + 155. Let t(n) = 6*h(n) + 7*u(n). Is t(0) a prime number?
False
Suppose -3*b + 1147 = 2*d, 0*b - 2*d + 768 = 2*b. Is b composite?
False
Let j = 24 + 52. Suppose -306 = -2*h + j. Is h composite?
False
Is (1*(-4)/(-4))/(1/469) composite?
True
Let x = -154 - -180. Is x a prime number?
False
Let o be 4/18 + (-152)/36. Let p(j) = -2*j. Let g be p(o). Is g*(0 + 3/4) prime?
False
Let p = -5 + 7. Suppose -2*q + 22 - p = 0. Is q a composite number?
True
Let b(d) be the second derivative of 11/6*d**3 - d - 1/12*d**4 + 0 + 2*d**2. Is b(9) a composite number?
True
Let l(p) = p**2 - 9*p - 13. Let s be l(10). Let m be s + -2*(-5 - -1). Suppose 0*z = 2*f + 2*z - 22, 0 = -m*f + 3*z + 15. Is f a prime number?
False
Let w(l) be the third derivative of -l**6/120 + l**5/6 - l**4/3 - 3*l**3/2 + l**2. Let u be w(9). Suppose u*h - 3*h + 165 = 0. Is h composite?
True
Let z(p) = 640*p + 1. Is z(1) composite?
False
Suppose 39*a = 35*a + 724. Is a composite?
False
Suppose -2*x + 2724 = 2*x - a, 3405 = 5*x + 4*a. Suppose 5*k - n = 2*k + x, -467 = -2*k + 5*n. Is k a prime number?
False
Suppose -r - 1 = 0, 656 - 24 = 5*q + 3*r. Is q composite?
False
Let j(o) = 92*o - 1. Is j(1) prime?
False
Is 2*3/(6/157) a prime number?
True
Let a(u) = u**2 + u - 4. Let d be a(3). Let f(h) be the first derivative of h**3/3 - 3*h**2 - 2*h - 2. Is f(d) composite?
True
Let z(s) = s**2 - s - 5. Suppose t + 9 = 25. Suppose 0*d + 4*d + t = 0. Is z(d) a composite number?
True
Let h(x) = -5 - x**3 + 6*x - 2 - 5*x**2 + 4. Is h(-7) composite?
False
Is (-3)/(-2 - 9230/(-4618)) a composite number?
False
Let g be 4*(2 + (-9)/6). Let l(y) = 4*y - 3 - y**2 - y + 2*y**g. Is l(-6) prime?
False
Suppose -25 = -5*d - 2*r - 5, -4 = -d + 5*r. Suppose -d*k = -4*c - 8*k + 60, -3*c + 41 = 5*k. Let g = c + 2. Is g prime?
True
Suppose 2*g + 6 = 3*k + 1, -g - 1 = -k. Suppose 123 + 211 = g*n. Is n a composite number?
False
Let b(p) = p**2 - p - 83. Let v be b(0). Let n(h) = 4*h**2 - 3*h + 3. Let a be n(-5). Let w = v + a. Is w prime?
False
Suppose 10 = 9*w - 1133. Is w composite?
False
Let s(l) = 9*l + 5*l**2 + 6 + 4*l**2 + l**3 - l**2. Let f be s(-6). Suppose u = -3*u + f. Is u prime?
False
Let l(z) = -z**3 - z**2 - 3*z - 3. Let m be l(-2). Let u = 29 - m. Is u a composite number?
True
Suppose 3*g = 6*g - 21. Suppose -6*t = -2*i - 3*t + 9, -5*t = -2*i + g. Let x = i - 2. Is x a prime number?
False
Let i(v) = v**3 + 15*v**2 + 17*v - 4. Is i(-13) prime?
True
Let p(d) = d. Let m be p(-3). Let g be -1 + 1/(m/(-18)). Suppose j - 27 = u - 3*u, -g*j + 4*u = -191. Is j a prime number?
False
Let j = -13 + 7. Let f be (-82)/j + 1/3. Suppose 3*y = -3*u + 126, -3*u + f = -1. Is y a prime number?
True
Let r = -497 + 348. Let g = r + 442. Is g a composite number?
False
Suppose 5*r - 1505 = -2*r. Is r prime?
False
Let s be 3 + (-2 - -3)/1. Is 2/s - (-579)/6 prime?
True
Suppose -5*t - 3*d + 409 = 0, -3*t - 6*